{"id":8719,"date":"2023-03-01T17:24:44","date_gmt":"2023-03-01T15:24:44","guid":{"rendered":"https:\/\/nuoretjaosallisuus.fi\/?post_type=solution&#038;p=8719"},"modified":"2023-03-01T17:30:02","modified_gmt":"2023-03-01T15:30:02","slug":"koulujen-mielenterveyshuoltoon-tulee-panostaa","status":"publish","type":"solution","link":"https:\/\/nuoretjaosallisuus.fi\/sv\/1000-ratkaisua\/koulujen-mielenterveyshuoltoon-tulee-panostaa\/","title":{"rendered":"Koulujen mielenterveyshuoltoon tulee panostaa"},"content":{"rendered":"\n<p>Kouluissa tulee panostaa fyysisen terveydenhuollon lis\u00e4ksi my\u00f6s mielenterveyden huoltoon. Yksi ratkaisu olisi esimerkiksi oman kouluterveydenhoitajan tai mielenterveysasioihin keskittyv\u00e4n nuorisoty\u00f6ntekij\u00e4n palkkaaminen jokaiseen kouluun.<\/p>\n","protected":false},"featured_media":0,"template":"","topics":[95,246,75],"region":[35],"municipality":[34],"target":[284],"language":[120],"class_list":["post-8719","solution","type-solution","status-publish","hentry","topics-kasvatus-ja-koulutus","topics-mielenterveys","topics-terveys","region-keski-suomi","municipality-jyvaskyla","target-suomi","language-suomi"],"acf":[],"yoast_head":"<!-- This site is optimized with the Yoast SEO plugin v27.4 - https:\/\/yoast.com\/product\/yoast-seo-wordpress\/ -->\n<title>Koulujen mielenterveyshuoltoon tulee panostaa - Ungas delaktighet<\/title>\n<meta name=\"robots\" content=\"index, follow, max-snippet:-1, max-image-preview:large, max-video-preview:-1\" \/>\n<link rel=\"canonical\" href=\"https:\/\/nuoretjaosallisuus.fi\/1000-ratkaisua\/koulujen-mielenterveyshuoltoon-tulee-panostaa\/\" \/>\n<meta property=\"og:locale\" content=\"sv_SE\" \/>\n<meta property=\"og:type\" content=\"article\" \/>\n<meta property=\"og:title\" content=\"Koulujen mielenterveyshuoltoon tulee panostaa - Ungas delaktighet\" \/>\n<meta property=\"og:description\" content=\"Kouluissa tulee panostaa fyysisen terveydenhuollon lis\u00e4ksi my\u00f6s mielenterveyden huoltoon. Yksi ratkaisu olisi esimerkiksi oman kouluterveydenhoitajan tai mielenterveysasioihin keskittyv\u00e4n nuorisoty\u00f6ntekij\u00e4n palkkaaminen jokaiseen kouluun.\" \/>\n<meta property=\"og:url\" content=\"https:\/\/nuoretjaosallisuus.fi\/1000-ratkaisua\/koulujen-mielenterveyshuoltoon-tulee-panostaa\/\" \/>\n<meta property=\"og:site_name\" content=\"Ungas delaktighet\" \/>\n<meta property=\"article:modified_time\" content=\"2023-03-01T15:30:02+00:00\" \/>\n<meta name=\"twitter:card\" content=\"summary_large_image\" \/>\n<meta name=\"twitter:label1\" content=\"Ber\u00e4knad l\u00e4stid\" \/>\n\t<meta name=\"twitter:data1\" content=\"1 minut\" \/>\n<script type=\"application\/ld+json\" class=\"yoast-schema-graph\">{\"@context\":\"https:\\\/\\\/schema.org\",\"@graph\":[{\"@type\":\"WebPage\",\"@id\":\"https:\\\/\\\/nuoretjaosallisuus.fi\\\/1000-ratkaisua\\\/koulujen-mielenterveyshuoltoon-tulee-panostaa\\\/\",\"url\":\"https:\\\/\\\/nuoretjaosallisuus.fi\\\/1000-ratkaisua\\\/koulujen-mielenterveyshuoltoon-tulee-panostaa\\\/\",\"name\":\"Koulujen mielenterveyshuoltoon tulee panostaa - Ungas delaktighet\",\"isPartOf\":{\"@id\":\"https:\\\/\\\/nuoretjaosallisuus.fi\\\/#website\"},\"datePublished\":\"2023-03-01T15:24:44+00:00\",\"dateModified\":\"2023-03-01T15:30:02+00:00\",\"inLanguage\":\"sv-SE\",\"potentialAction\":[{\"@type\":\"ReadAction\",\"target\":[\"https:\\\/\\\/nuoretjaosallisuus.fi\\\/1000-ratkaisua\\\/koulujen-mielenterveyshuoltoon-tulee-panostaa\\\/\"]}]},{\"@type\":\"WebSite\",\"@id\":\"https:\\\/\\\/nuoretjaosallisuus.fi\\\/#website\",\"url\":\"https:\\\/\\\/nuoretjaosallisuus.fi\\\/\",\"name\":\"Ungas delaktighet\",\"description\":\"Onnistunutta osallisuutta nuorille\",\"potentialAction\":[{\"@type\":\"SearchAction\",\"target\":{\"@type\":\"EntryPoint\",\"urlTemplate\":\"https:\\\/\\\/nuoretjaosallisuus.fi\\\/?s={search_term_string}\"},\"query-input\":{\"@type\":\"PropertyValueSpecification\",\"valueRequired\":true,\"valueName\":\"search_term_string\"}}],\"inLanguage\":\"sv-SE\"}]}<\/script>\n<!-- \/ Yoast SEO plugin. -->","yoast_head_json":{"title":"Koulujen mielenterveyshuoltoon tulee panostaa - Ungas delaktighet","robots":{"index":"index","follow":"follow","max-snippet":"max-snippet:-1","max-image-preview":"max-image-preview:large","max-video-preview":"max-video-preview:-1"},"canonical":"https:\/\/nuoretjaosallisuus.fi\/1000-ratkaisua\/koulujen-mielenterveyshuoltoon-tulee-panostaa\/","og_locale":"sv_SE","og_type":"article","og_title":"Koulujen mielenterveyshuoltoon tulee panostaa - Ungas delaktighet","og_description":"Kouluissa tulee panostaa fyysisen terveydenhuollon lis\u00e4ksi my\u00f6s mielenterveyden huoltoon. Yksi ratkaisu olisi esimerkiksi oman kouluterveydenhoitajan tai mielenterveysasioihin keskittyv\u00e4n nuorisoty\u00f6ntekij\u00e4n palkkaaminen jokaiseen kouluun.","og_url":"https:\/\/nuoretjaosallisuus.fi\/1000-ratkaisua\/koulujen-mielenterveyshuoltoon-tulee-panostaa\/","og_site_name":"Ungas delaktighet","article_modified_time":"2023-03-01T15:30:02+00:00","twitter_card":"summary_large_image","twitter_misc":{"Ber\u00e4knad l\u00e4stid":"1 minut"},"schema":{"@context":"https:\/\/schema.org","@graph":[{"@type":"WebPage","@id":"https:\/\/nuoretjaosallisuus.fi\/1000-ratkaisua\/koulujen-mielenterveyshuoltoon-tulee-panostaa\/","url":"https:\/\/nuoretjaosallisuus.fi\/1000-ratkaisua\/koulujen-mielenterveyshuoltoon-tulee-panostaa\/","name":"Koulujen mielenterveyshuoltoon tulee panostaa - Ungas delaktighet","isPartOf":{"@id":"https:\/\/nuoretjaosallisuus.fi\/#website"},"datePublished":"2023-03-01T15:24:44+00:00","dateModified":"2023-03-01T15:30:02+00:00","inLanguage":"sv-SE","potentialAction":[{"@type":"ReadAction","target":["https:\/\/nuoretjaosallisuus.fi\/1000-ratkaisua\/koulujen-mielenterveyshuoltoon-tulee-panostaa\/"]}]},{"@type":"WebSite","@id":"https:\/\/nuoretjaosallisuus.fi\/#website","url":"https:\/\/nuoretjaosallisuus.fi\/","name":"Ungas delaktighet","description":"Onnistunutta osallisuutta nuorille","potentialAction":[{"@type":"SearchAction","target":{"@type":"EntryPoint","urlTemplate":"https:\/\/nuoretjaosallisuus.fi\/?s={search_term_string}"},"query-input":{"@type":"PropertyValueSpecification","valueRequired":true,"valueName":"search_term_string"}}],"inLanguage":"sv-SE"}]}},"_links":{"self":[{"href":"https:\/\/nuoretjaosallisuus.fi\/sv\/wp-json\/wp\/v2\/products\/8719","targetHints":{"allow":["GET"]}}],"collection":[{"href":"https:\/\/nuoretjaosallisuus.fi\/sv\/wp-json\/wp\/v2\/products"}],"about":[{"href":"https:\/\/nuoretjaosallisuus.fi\/sv\/wp-json\/wp\/v2\/types\/solution"}],"version-history":[{"count":2,"href":"https:\/\/nuoretjaosallisuus.fi\/sv\/wp-json\/wp\/v2\/products\/8719\/revisions"}],"predecessor-version":[{"id":8734,"href":"https:\/\/nuoretjaosallisuus.fi\/sv\/wp-json\/wp\/v2\/products\/8719\/revisions\/8734"}],"wp:attachment":[{"href":"https:\/\/nuoretjaosallisuus.fi\/sv\/wp-json\/wp\/v2\/media?parent=8719"}],"wp:term":[{"taxonomy":"topics","embeddable":true,"href":"https:\/\/nuoretjaosallisuus.fi\/sv\/wp-json\/wp\/v2\/topics?post=8719"},{"taxonomy":"region","embeddable":true,"href":"https:\/\/nuoretjaosallisuus.fi\/sv\/wp-json\/wp\/v2\/region?post=8719"},{"taxonomy":"municipality","embeddable":true,"href":"https:\/\/nuoretjaosallisuus.fi\/sv\/wp-json\/wp\/v2\/municipality?post=8719"},{"taxonomy":"target","embeddable":true,"href":"https:\/\/nuoretjaosallisuus.fi\/sv\/wp-json\/wp\/v2\/target?post=8719"},{"taxonomy":"language","embeddable":true,"href":"https:\/\/nuoretjaosallisuus.fi\/sv\/wp-json\/wp\/v2\/language?post=8719"}],"curies":[{"name":"wp","href":"https:\/\/api.w.org\/{rel}","templated":true}]}}

<p>Kouluissa tulee panostaa fyysisen terveydenhuollon lisäksi myös mielenterveyden huoltoon. Yksi ratkaisu olisi esimerkiksi oman kouluterveydenhoitajan tai mielenterveysasioihin keskittyvän nuorisotyöntekijän palkkaaminen jokaiseen kouluun.</p>

<!-- This site is optimized with the Yoast SEO plugin v27.4 - https://yoast.com/product/yoast-seo-wordpress/ -->
<title>Koulujen mielenterveyshuoltoon tulee panostaa - Ungas delaktighet</title>
<meta name="robots" content="index, follow, max-snippet:-1, max-image-preview:large, max-video-preview:-1" />
<link rel="canonical" href="https://nuoretjaosallisuus.fi/1000-ratkaisua/koulujen-mielenterveyshuoltoon-tulee-panostaa/" />
<meta property="og:locale" content="sv_SE" />
<meta property="og:type" content="article" />
<meta property="og:title" content="Koulujen mielenterveyshuoltoon tulee panostaa - Ungas delaktighet" />
<meta property="og:description" content="Kouluissa tulee panostaa fyysisen terveydenhuollon lisäksi myös mielenterveyden huoltoon. Yksi ratkaisu olisi esimerkiksi oman kouluterveydenhoitajan tai mielenterveysasioihin keskittyvän nuorisotyöntekijän palkkaaminen jokaiseen kouluun." />
<meta property="og:url" content="https://nuoretjaosallisuus.fi/1000-ratkaisua/koulujen-mielenterveyshuoltoon-tulee-panostaa/" />
<meta property="og:site_name" content="Ungas delaktighet" />
<meta property="article:modified_time" content="2023-03-01T15:30:02+00:00" />
<meta name="twitter:card" content="summary_large_image" />
<meta name="twitter:label1" content="Beräknad lästid" />
	<meta name="twitter:data1" content="1 minut" />
<script type="application/ld+json" class="yoast-schema-graph">{"@context":"https:\/\/schema.org","@graph":[{"@type":"WebPage","@id":"https:\/\/nuoretjaosallisuus.fi\/1000-ratkaisua\/koulujen-mielenterveyshuoltoon-tulee-panostaa\/","url":"https:\/\/nuoretjaosallisuus.fi\/1000-ratkaisua\/koulujen-mielenterveyshuoltoon-tulee-panostaa\/","name":"Koulujen mielenterveyshuoltoon tulee panostaa - Ungas delaktighet","isPartOf":{"@id":"https:\/\/nuoretjaosallisuus.fi\/#website"},"datePublished":"2023-03-01T15:24:44+00:00","dateModified":"2023-03-01T15:30:02+00:00","inLanguage":"sv-SE","potentialAction":[{"@type":"ReadAction","target":["https:\/\/nuoretjaosallisuus.fi\/1000-ratkaisua\/koulujen-mielenterveyshuoltoon-tulee-panostaa\/"]}]},{"@type":"WebSite","@id":"https:\/\/nuoretjaosallisuus.fi\/#website","url":"https:\/\/nuoretjaosallisuus.fi\/","name":"Ungas delaktighet","description":"Onnistunutta osallisuutta nuorille","potentialAction":[{"@type":"SearchAction","target":{"@type":"EntryPoint","urlTemplate":"https:\/\/nuoretjaosallisuus.fi\/?s={search_term_string}"},"query-input":{"@type":"PropertyValueSpecification","valueRequired":true,"valueName":"search_term_string"}}],"inLanguage":"sv-SE"}]}</script>
<!-- / Yoast SEO plugin. -->

Kouluissa tulee panostaa fyysisen terveydenhuollon lisäksi myös mielenterveyden huoltoon. Yksi ratkaisu olisi esimerkiksi oman kouluterveydenhoitajan tai mielenterveysasioihin keskittyvän nuorisotyöntekijän palkkaaminen jokaiseen kouluun.
